{"id":12469,"date":"2023-03-09T14:23:34","date_gmt":"2023-03-09T12:23:34","guid":{"rendered":"http:\/\/fengshui-chinois-conseils.com\/?page_id=12469"},"modified":"2023-03-09T14:23:35","modified_gmt":"2023-03-09T12:23:35","slug":"le-luo-pan-formation","status":"publish","type":"page","link":"http:\/\/fengshui-chinois-conseils.com\/index.php\/le-luo-pan-formation\/","title":{"rendered":"Le Luo Pan formation"},"content":{"rendered":"\n<div class=\"wp-block-columns is-layout-flex wp-container-core-columns-is-layout-9d6595d7 wp-block-columns-is-layout-flex\">\n<div class=\"wp-block-column is-layout-flow wp-block-column-is-layout-flow\">\n<p>Quand nous d\u00e9butons le feng shui, nous sommes admiratifs devant ce bel objet qu&rsquo;est le Luo pan \u7f57\u76d8. C&rsquo;est une fiert\u00e9 de le sortir devant des personnes qui d\u00e9couvrent le feng shui, qui demandent \u00ab\u00a0vous parlez chinois ?\u00a0\u00bb&#8230; Oui juste un peu&#8230; Bref une fois l&rsquo;objet pr\u00e9sent\u00e9 vous ne vous attardez pas sur le sujet, des fois que vous tombiez sur des personnes plus cal\u00e9es que vous sur ce domaine linguistique. En effet les diff\u00e9rents anneaux pr\u00e9sents sur le Luo Pan sont juste pr\u00e9sent\u00e9s pour l&rsquo;utilisation que nous en avons \u00e0 faire, c&rsquo;est \u00e0 dire lire la \u00ab\u00a0montagne\u00a0\u00bb sur laquelle se trouve le Qi \u00e0 \u00e9valuer pour appliquer les diff\u00e9rentes formules \u00e9voqu\u00e9es au fil des formations, sans aucune explication. <\/p>\n\n\n\n<p>J&rsquo;ai pour ma part \u00e9crit de nombreux Luo Pan pour des ma\u00eetres chinois et malaisiens et plut\u00f4t que de les \u00e9crire simplement, j&rsquo;ai travaill\u00e9 en parall\u00e8le sur la compr\u00e9hension de cet outil, je vous propose de partager cette exp\u00e9rience unique.<\/p>\n<\/div>\n\n\n\n<div class=\"wp-block-column is-layout-flow wp-block-column-is-layout-flow\">\n<figure class=\"wp-block-image size-full is-resized\"><img loading=\"lazy\" decoding=\"async\" src=\"http:\/\/fengshui-chinois-conseils.com\/wp-content\/uploads\/2019\/05\/luopan-normandie.jpg\" alt=\"\" class=\"wp-image-10228\" width=\"418\" height=\"418\" srcset=\"http:\/\/fengshui-chinois-conseils.com\/wp-content\/uploads\/2019\/05\/luopan-normandie.jpg 340w, http:\/\/fengshui-chinois-conseils.com\/wp-content\/uploads\/2019\/05\/luopan-normandie-150x150.jpg 150w, http:\/\/fengshui-chinois-conseils.com\/wp-content\/uploads\/2019\/05\/luopan-normandie-300x300.jpg 300w, http:\/\/fengshui-chinois-conseils.com\/wp-content\/uploads\/2019\/05\/luopan-normandie-250x250.jpg 250w, http:\/\/fengshui-chinois-conseils.com\/wp-content\/uploads\/2019\/05\/luopan-normandie-174x174.jpg 174w\" sizes=\"auto, (max-width: 418px) 100vw, 418px\" \/><\/figure>\n<\/div>\n<\/div>\n\n\n\n<p>Cependant il faut \u00eatre conscient qu&rsquo;une bonne compr\u00e9hension du feng shui passe par une explication rationnelle de cet outil, selon les principes de la cosmologie tao\u00efste chinoise. Ce cours s&rsquo;adresse aux ma\u00eetres et consultants qui d\u00e9sirent comprendre la philosophie des diff\u00e9rents anneaux du Luo Pan afin de ne plus \u00eatre esclave de cet outil, mais au contraire en comprendre sa philosophie et \u00eatre en symbiose avec le feng shui et les formules que vous utilisez.<\/p>\n\n\n\n<div class=\"wp-block-columns is-layout-flex wp-container-core-columns-is-layout-9d6595d7 wp-block-columns-is-layout-flex\"><\/div>\n\n\n\n<h3 class=\"has-text-align-center wp-block-heading\">Dur\u00e9e de la formation: 2 jours<\/h3>\n\n\n\n<div class=\"wp-block-buttons is-horizontal is-content-justification-center is-layout-flex wp-container-core-buttons-is-layout-499968f5 wp-block-buttons-is-layout-flex\">\n<div class=\"wp-block-button is-style-outline is-style-outline--1\"><a class=\"wp-block-button__link wp-element-button\" href=\"http:\/\/www.fengshui-chinois-conseils.com\/#contact\" target=\"_blank\" rel=\"http:\/\/www.fengshui-chinois-conseils.com\/#contact noopener\">Demander une formation<\/a><\/div>\n<\/div>\n\n\n\n<div class=\"wp-block-group\"><div class=\"wp-block-group__inner-container is-layout-flow wp-block-group-is-layout-flow\">\n<hr class=\"wp-block-separator has-css-opacity\"\/>\n<\/div><\/div>\n\n\n\n<div class=\"wp-block-columns is-layout-flex wp-container-core-columns-is-layout-9d6595d7 wp-block-columns-is-layout-flex\">\n<div class=\"wp-block-column is-layout-flow wp-block-column-is-layout-flow\">\n<p><\/p>\n<\/div>\n<\/div>\n","protected":false},"excerpt":{"rendered":"<p>Quand nous d\u00e9butons le feng shui, nous sommes admiratifs devant ce bel objet qu&rsquo;est le Luo pan \u7f57\u76d8. C&rsquo;est une fiert\u00e9 de le sortir devant des personnes qui d\u00e9couvrent le feng shui, qui demandent \u00ab\u00a0vous parlez chinois ?\u00a0\u00bb&#8230; Oui juste un peu&#8230; Bref une fois l&rsquo;objet pr\u00e9sent\u00e9 vous ne vous attardez pas sur le sujet, [&hellip;]<\/p>\n","protected":false},"author":1,"featured_media":0,"parent":0,"menu_order":0,"comment_status":"closed","ping_status":"closed","template":"","meta":{"footnotes":""},"class_list":["post-12469","page","type-page","status-publish","hentry"],"_links":{"self":[{"href":"http:\/\/fengshui-chinois-conseils.com\/index.php\/wp-json\/wp\/v2\/pages\/12469","targetHints":{"allow":["GET"]}}],"collection":[{"href":"http:\/\/fengshui-chinois-conseils.com\/index.php\/wp-json\/wp\/v2\/pages"}],"about":[{"href":"http:\/\/fengshui-chinois-conseils.com\/index.php\/wp-json\/wp\/v2\/types\/page"}],"author":[{"embeddable":true,"href":"http:\/\/fengshui-chinois-conseils.com\/index.php\/wp-json\/wp\/v2\/users\/1"}],"replies":[{"embeddable":true,"href":"http:\/\/fengshui-chinois-conseils.com\/index.php\/wp-json\/wp\/v2\/comments?post=12469"}],"version-history":[{"count":11,"href":"http:\/\/fengshui-chinois-conseils.com\/index.php\/wp-json\/wp\/v2\/pages\/12469\/revisions"}],"predecessor-version":[{"id":12480,"href":"http:\/\/fengshui-chinois-conseils.com\/index.php\/wp-json\/wp\/v2\/pages\/12469\/revisions\/12480"}],"wp:attachment":[{"href":"http:\/\/fengshui-chinois-conseils.com\/index.php\/wp-json\/wp\/v2\/media?parent=12469"}],"curies":[{"name":"wp","href":"https:\/\/api.w.org\/{rel}","templated":true}]}}